+ 20. Let h be s(-3). Let y(z) = -h + 350 - z + 355. Give y(4).
0
Let r = 222 - 220. Let q(p) be the second derivative of -2*p**3/3 + p**2 - 3*p. Determine q(r).
-6
Let d be 12 + (0 - (4 - (0 + 8))). Let c(i) = 3*i**2 + i**2 - i**3 + 11 - d + 9*i - 4*i. Give c(4).
15
Let h(u) = 15*u**2 - 41*u + 17. Let s(x) = -7*x**2 + 19*x - 8. Let m(o) = 6*h(o) + 13*s(o). Let w = 5 - 3. Determine m(w).
-4
Let k = -1690 - -1682. Let v(f) = f**3 + 8*f**2 + 2*f + 11. Give v(k).
-5
Suppose -10*l + 32 - 52 = 0. Let t(y) = y**3 + 4*y**2 + y - 2. Let k(a) = 3*a**3 + 12*a**2 + 2*a - 7. Let o(v) = 2*k(v) - 7*t(v). Give o(l).
-2
Let u(y) = -y**3 - 2*y**2 - 4*y. Suppose -62*g - 177 = -3*g. Determine u(g).
21
Let o(z) = z + 27. Suppose -15*p = -4*l - 14*p - 80, -5*l - 117 = 3*p. Give o(l).
6
Let i = 109 + -39. Let a(q) = -63*q - i*q + 2 + 134*q - 8. Give a(0).
-6
Let x(o) be the second derivative of -3*o**5/20 + o**4/12 - o**2/2 - 6*o. Give x(-1).
3
Let d be -1 - (2/(-7) + (-207)/(-63)). Let c(x) = 2*x**2 + 10*x + 4. Give c(d).
-4
Let t(k) = -8*k**2 + 59 - 56 + 4*k**2 - 6*k + 2*k**2. Determine t(-5).
-17
Let o(r) = r**3 + 10*r**2 + 28*r + 43. Let h be o(-7). Let y(z) = z**3 + z**2 - 1. Let v(f) = -3*f**3 - 7*f**2 + 6*f + 6. Let d(i) = v(i) + 2*y(i). Give d(h).
4
Let d be 6 - (1 + -2)*0. Suppose 0 = 5*z - 3*x - 24, -3*x = 4*z - 4*x - 15. Let g(b) = b**3 - 6*b**z + 2*b**3 + 2*b**3 + 2*b + 6*b**2 - 7. Give g(d).
5
Let x be (-3525)/300 + (-7)/(-4). Let n(k) = -k**3 - 10*k**2 + 1. Determine n(x).
1
Let i(c) = -44*c - 74. Let l be i(-2). Let b(a) = -a + 3. Calculate b(l).
-11
Let w(a) be the first derivative of a**3/3 + 7*a**2/2 + 4*a - 733. Calculate w(-7).
4
Let v(z) = 680 - 346 - 7*z - 341 + 0*z. Calculate v(-8).
49
Let y = -7 - -6. Let o(g) be the third derivative of g**4/24 - 6*g**2. Let x(q) = -q**2 + 8*q + 7. Let i(h) = y*x(h) + 5*o(h). Give i(5).
3
Let h(n) = -n**2 + 3*n + 3. Let b be (-3)/(-21) - (-27)/7. Let r(u) = u**2 - 3*u - 4. Let v(d) = b*r(d) + 5*h(d). Determine v(3).
-1
Suppose 3*j + 9 + 5 = -2*o, 2*o + 18 = -4*j. Let n = -6 - j. Let u be 3/((1 - 0) + n). Let y(w) = -2*w - 3. Determine y(u).
3
Let g(i) be the first derivative of 1/4*i**4 + 0*i**2 - 26 - 8*i - 3*i**3. Give g(9).
-8
Let g(d) be the second derivative of d**3/3 - 5*d**2/2 - 3*d. Suppose 0*k = k - 5. Let j be g(k). Let o(s) = s - 6. Calculate o(j).
-1
Let q(m) be the second derivative of -m**4/12 - m**3 + 3*m**2 - 12*m. Let i be q(-6). Let t(p) = p**2 - 6*p + 1. Calculate t(i).
1
Let h(s) = s**2 + s + 28. Let b(g) = -g + 6. Let y be b(6). What is h(y)?
28
Let q(m) = -m**2 + 6*m - 4. Let k be (73 - 83)*1/(-2). Give q(k).
1
Let i = 1475 + -1487. Let k(w) = -w**2 - 10*w - 2. Calculate k(i).
-26
Let u(o) = o**3 - 5*o**2 + 2*o - 6. Suppose 19 = 4*k + 7. Suppose 2*g = k*g - 5. Let m be u(g). Let f(b) = -b**2 + 6*b - 6. Determine f(m).
2
Let k(i) be the third derivative of 7/24*i**4 + i**2 + 0*i + 0 + 0*i**3 + 1/30*i**5. Let b(l) = -l**3 + 3*l**2 + 4*l - 5. Let v be b(4). What is k(v)?
15
Let z(i) be the first derivative of 1/2*i**2 - 7 + i. Determine z(-5).
-4
Let u = -173 + 183. Let r(v) = -v + 13. What is r(u)?
3
Let q(u) = -u**3 - 8*u**2 + 3*u - 10. Let s(i) = -2*i**2 + 12*i - 24. Let t be s(2). Give q(t).
-34
Let y(j) = -8*j + 1. Suppose 4*o - 3*r = -40, 22 = -2*o + 2*r - 0*r. Let q = o + 8. Give y(q).
-7
Let i = 805 - 810. Let j(q) = 0 - 5 + q + 4. Give j(i).
-6
Let d(g) = g**3 - 5*g**2 + 6*g - 6. Let j be d(4). Let t(z) = -z + z**2 + 59 + 0*z**j - 55. Determine t(4).
16
Let u(g) be the second derivative of -g**4/12 + g**3/2 + g - 6. Calculate u(4).
-4
Let d(h) = 2*h**2 - 3*h - 3. Let c be d(3). Let l(k) = -4 + 2*k + 1 + c - 3*k. What is l(3)?
0
Let l(r) = -4*r. Let c(x) = -2*x - 1. Let h(i) = -9*c(i) + 4*l(i). Suppose 2*b = -2*a - 14, -a = 2*b + 2*a + 14. Determine h(b).
-5
Let v(d) = d**3 + d + 2. Let c = -19 + 54. Let r = -37 + c. What is v(r)?
-8
Let p(y) be the second derivative of 7/2*y**2 - 1/12*y**4 + 3*y - 2/3*y**3 + 0. Determine p(-6).
-5
Let i(a) = 12*a**2 + 10*a - 47. Let j(x) = 7*x**2 + 5*x - 24. Let t(n) = -3*i(n) + 5*j(n). Determine t(-9).
-15
Suppose 0 = -2*h + 2*d - 16, -3*h - 3*d = 5 + 7. Let z be (10/4)/((-3)/h). Let g(k) = -1 + 5669*k - k**2 - 3 - 5664*k. Calculate g(z).
-4
Let c(y) = y**2 + 64*y + 56. Let p be c(-63). Let q(j) = -j**3 - 7*j**2 - 2*j + 7. Determine q(p).
21
Let i be 0/(-1*(-2)/2) + -2. Let t(h) = -16*h + 1. Give t(i).
33
Let u(m) = -m**2 - 4*m + 1. Let q(a) = 3*a**2 + 5*a - 5. Let c(v) = -q(v) - 4*u(v). Determine c(-10).
-9
Let h(v) = -v**2 + 6*v - 1. Let t = -224 - -229. Calculate h(t).
4
Let n = 18 + -18. Suppose o - 2 + 5 = n. Let c be 8/o + (-9)/27. Let j(x) = 5*x + 4. What is j(c)?
-11
Let l(g) = 3*g + 5. Suppose 2*b + 17 = -z, -z + 2 = -4*b - 23. Give l(b).
-16
Suppose -3*z - n + 5 = -0*n, -3*z + 1 = -n. Let q = 5 - 1. Let g(o) = q*o - 1 + 3 - 1. Give g(z).
5
Let r(a) = 2*a + 5. Let d(b) = b - 1. Let u(f) = 4*d(f) + r(f). Let c be 0/((-7)/((-7)/2)). Let s = c + 1. Give u(s).
7
Let t(b) = -4 - 126*b - b**2 + 129*b + 2*b**2. What is t(5)?
36
Let l be 24/36 + 150/45. Let f(a) = a**2 + 7*a + 1. Let m be f(-7). Let w(x) = 0*x - 3 + m + x. What is w(l)?
2
Let u be 3/(0 - 9/12). Let g(q) be the third derivative of -q**5/60 - q**3/2 + 811*q**2. Determine g(u).
-19
Let c(n) be the first derivative of n**3/3 - 2*n**2 + 7*n - 4. Let i be c(2). Let p(q) = q**2 - 3*q + 3. Determine p(i).
3
Let z(p) = -2*p**3 - 7*p**2 - 3*p - 14. Let t be z(-3). Let w(x) = x + 16. What is w(t)?
2
Let f be -2 - ((3 + -1)*1 + -62). Let i(w) = -28 + f - 31 - 8*w. Give i(1).
-9
Let d(k) be the third derivative of -k**4/24 + 5*k**3/3 - 11*k**2 - 4*k. What is d(8)?
2
Let o be 11/(-6) - 30/(-36). Let m(x) = -13*x**2 + 1. Give m(o).
-12
Let l = -12 + 13. Let o(u) = -4*u + 1 + 2 - u**2 + l + 2. Let b(q) = q**2 - q - 6. Let f be b(0). Calculate o(f).
-6
Let b(f) = -f - 7. Suppose -3*x - n = -0*n - 9, -n - 6 = -2*x. Suppose 2*o - 4*a + 24 = 0, x = -o - 3*a + 2*a. Determine b(o).
-1
Let j(y) be the second derivative of 3*y - 1/12*y**4 + 0 - y**3 + y**2. Suppose 2*i = 5*v - 3*i + 45, -4 = -4*v - 4*i. What is j(v)?
10
Let u = -14 + 14. Suppose 0 = 2*o - u*o - 4. Let c(z) = -2*z - z**2 - 2*z**2 - 5*z**2 - 1 - o*z**3 + 3*z**2. What is c(-3)?
14
Let r(g) = 8*g - 1. Let s(x) = x - 4 + x**2 + 1 + 0 - 2. Let l be s(-3). What is r(l)?
7
Let b be 4/(-6)*(-18)/(-4). Suppose 8 + 0 = 4*f. Let v(x) = x**2 - 3*x**2 + 2*x + f + 2*x**2 + x**2. Determine v(b).
5
Let i be (5 + (-2 - 2))/(2/18). Let z(v) = -v + 10. Give z(i).
1
Let t be (-4)/(-6) + 19/57. Let c(u) = -7*u**2 + 3*u - 2. What is c(t)?
-6
Let d(i) = 6*i - 12. Let q(o) = -7*o + 10. Let t(f) = 6*d(f) + 5*q(f). What is t(0)?
-22
Let p(h) = -2*h**2 - h**3 - h - 3 + h**2 - 8. Let x be (-2)/12 + (-186)/(-36) + -5. Determine p(x).
-11
Let k(r) = -5*r**2 + 6*r + 4. Let u(x) = -3*x**2 + x + 1. Let p(t) = -k(t) + 2*u(t). Let m(l) = l. Let g be m(-3). Calculate p(g).
1
Let c = 0 + -1. Let r be c/4 - 52/(-16). Let x(p) = -5*p**3 + 3*p**2 + 2*p - 4. Let j(y) = -3*y**3 + 2*y**2 + y - 2. Let m(i) = 7*j(i) - 4*x(i). What is m(r)?
-10
Let q(d) be the third derivative of 25*d**2 - 17/24*d**4 + 0*d - 1/6*d**3 + 0. Determine q(-1).
16
Let v = 6 - 6. Let u(m) = -m**3 - m**2 + 3*m - 5. Let c(i) = -i**2 + 2*i - 1. Let n(x) = -2*c(x) + u(x). What is n(v)?
-3
Suppose 3*z - 4*s = -1, 6*z - 4*z - 3*s + 2 = 0. Suppose -z*a = -6*a. Let c(m) = -m + 14. Give c(a).
14
Let p(x) = -152*x**2 + 5 - 154*x**2 + 307*x**2 + 7*x. Determine p(-4).
-7
Let c(t) = 3*t**2 - 10*t + 6. Let p(x) = x**2 - 3*x + 2. Let l(w) = -2*c(w) + 7*p(w). Let n be (-5)/2*2*580/1450. Give l(n).
8
Let w be (1 + 1)*((-5)/2 + -2). Let i(g) = g**3 + 4*g**2 - 4*g - 6. Let v be i(-5). Let z = w - v. Let h(t) = -t**3 + 2*t**2 - t - 1. What is h(z)?
-3
Let c be ((-1)/(-2 + 1))/(-1). Let m(w) = 14*w + 3 - 44*w - 3 + 31*w + 12*w**2. Determine m(c).
11
Let o be 33/12 - 2/(-8). Suppose -37 = 5*f + j - 0*j, -5*f - o*j = 41. Let m(u) = -u**3 - 8*u**2 - 6*u + 4. Determine m(f).
-3
Let r(b) = -51*b - 77*b + 156*b + b**3 + 16*b**2. Let p be r(-14). Let u(y) = -y**3 + y**2 + y + 7. Determine u(p).
7
Let q be 8 - (9 - 1) - (1 - 1). Let t(b) = -b**2 + b - 2. Give t(q).
-2
Let o(k) = k**3 + 8*k**2 + 11*k + 7. Let b be o(-7). Let v be